= -z*p + 327. Calculate the remainder when p is divided by 14.
11
Suppose 58*o + 1456 - 7024 = 0. Calculate the remainder when 100 is divided by o.
4
What is the remainder when -2 - 2 - (72 - 86 - 891*1) is divided by 138?
73
Let d(i) = i**2 + 89*i - 627. Calculate the remainder when 1343 is divided by d(7).
38
Let f be (-4 - 169) + 15/5. Let b = f - -194. Calculate the remainder when 64 is divided by b.
16
Calculate the remainder when (0/(-1) + -1*163)*(-6 + 5) is divided by 75.
13
Let q be 2/((-7)/(-2) - 4). Let h(r) = 20*r - 56. Let k(o) = -7*o + 19. Let a(i) = q*h(i) - 11*k(i). What is the remainder when a(-7) is divided by 13?
10
Let i(p) = 18 + 16 - 7 + 2*p**2. Suppose -3*a - 18 = 0, 3*a + 23 = 4*g + 5. Calculate the remainder when i(g) is divided by 5.
2
Let c = -4222 + 4370. What is the remainder when 606 is divided by c?
14
Let f(u) = -3*u + 4. Suppose -2 - 7 = 3*b. Let h be (b + 1)/(1/3*1). What is the remainder when 84 is divided by f(h)?
18
Suppose -1 = -f + 5*h, -f + 13*h + 8 = 15*h. Suppose 0 = f*p + 387 - 1281. What is the remainder when p is divided by 75?
74
Suppose 0 = -5*b + 6*b + 5*h - 107, -428 = -4*b + 3*h. Suppose 11*g = b + 157. Suppose -r + 6*r - 70 = 0. What is the remainder when g is divided by r?
10
Let r(t) = -16*t - 262. Suppose 12*b = 20*b + 136. What is the remainder when 168 is divided by r(b)?
8
Let n = -73 + -565. Let j = n + 669. What is the remainder when 77 is divided by j?
15
Let u(t) = 35*t**2 + 4*t + 3. Let f be u(-5). Let y = 1207 - f. Suppose -65 = -9*r + y. What is the remainder when r is divided by 24?
22
Suppose 5 = -5*c, 6*d = 3*d + c + 16. Suppose -d*p = -4*p - 215. Suppose 0 = 5*v + 4*l - p, 3*l + 93 = 5*v - 87. What is the remainder when 76 is divided by v?
37
Suppose -2*q + k + 0*k + 11 = 0, -3*q + 24 = -4*k. Suppose 8 + 14 = 2*n + 4*y, -q*y = 5*n - 25. Let c = n + 4. What is the remainder when 14 is divided by c?
4
Suppose -18*a - 225204 = -214*a. Calculate the remainder when a is divided by 48.
45
Let i = -4211 + 4216. Calculate the remainder when 533 is divided by i.
3
Suppose -38 - 25 = -k. Suppose 75 = -58*z + k*z. Suppose -o - z = -4*o. Calculate the remainder when o is divided by 2.
1
Let r(n) = 12803*n**2 + 10*n - 7. Let p be r(1). Calculate the remainder when (-28)/(-98) + p/14 is divided by 17.
14
Let c(q) = q**2 + 7*q + 12. Let k be c(-7). Calculate the remainder when 13 is divided by 3/k - (-105)/28.
1
Suppose -68*q + 23 = -69*q. Let z = q + 9. Let k = z + 251. Calculate the remainder when k is divided by 40.
37
Let r(h) = h**3 - 3*h**2 - h + 3. Let f be r(3). Suppose f = -4*p + 4 + 4. What is the remainder when -6 + -6 - 25*11/((-825)/60) is divided by p?
0
Let a = -3 + 16. Let c(q) = 10*q**2 + 5*q - 109. Let f(l) = -13*l**2 - 4*l + 106. Let d(b) = 4*c(b) + 3*f(b). Calculate the remainder when d(9) is divided by a.
9
Let i = -3463 + 6372. Calculate the remainder when i is divided by 104.
101
Let n(f) = -668*f - 10875. What is the remainder when n(-17) is divided by 155?
16
Let b(f) = -12*f**3 - 3*f**2 + 5*f - 8. Let l be b(-5). Suppose -11*h = -3*h - l. What is the remainder when h is divided by 22?
20
Let x(m) = 22*m**2 + 3*m. Let q be x(4). Suppose -10*s - 3*s - q = 0. Let w = s + 46. Calculate the remainder when 26 is divided by w.
8
Let l = 6 + -3. Suppose -15 = -3*j - 0. Suppose l*c = 0, 127 = j*u - 2*c - 38. What is the remainder when 129 is divided by u?
30
Let d be (231/(-6) + (-27)/18)*2. Let q = d + 108. What is the remainder when 54 is divided by q?
26
Let t(o) = 2*o**2 + 8*o - 12. Let d be t(-9). Suppose -5*l - 438 = -d. What is the remainder when 85 is divided by (l/(-54))/(4/66)?
19
Let w(z) = 57*z - 3102. What is the remainder when 2967 is divided by w(56)?
87
Let h = -159 + 164. Suppose 3*t - 33*c = -36*c + 240, 0 = 2*t - h*c - 160. What is the remainder when t is divided by 13?
2
Suppose 2*v + 16*b = 12*b + 2342, -4*b - 1165 = -v. What is the remainder when v is divided by 10?
9
Suppose 49*c + 444 = 53*c. Suppose -489 = -4*a + 5*d, -15*a = -14*a - 5*d - c. What is the remainder when a is divided by 29?
10
Let s be (-1)/3 - 205*(-12)/90. Suppose -32*a + 4*d = -s*a - 282, -a + 63 = -3*d. Calculate the remainder when a is divided by 13.
2
Suppose -66*f = -55*f - 1221. What is the remainder when f - -3 - 0 - 4 is divided by 25?
10
Let q = -33 + 33. Suppose 5*k - 13 - 17 = q. Calculate the remainder when 2/4 - (-183)/k - 1 is divided by 11.
8
What is the remainder when ((-8)/(-3) + -2)*141 is divided by (-640)/(-90)*(-18)/(-4)?
30
Suppose 0 = 281*c - 282*c - 3*q + 147, 0 = 4*c + 5*q - 602. What is the remainder when c is divided by 24?
9
Suppose -n + 9 = -0*n. Suppose 0 = -9*p + 8*p - 18. Let d = 24 + p. Calculate the remainder when n is divided by d.
3
Let f(h) = h**3 - 28*h**2 + 29*h + 28. What is the remainder when 380 is divided by f(27)?
52
Let j be (2 - -1)*-1 + 157. Suppose 2*q - j = 2*a, -q = 2*a + 3*a - 53. Let b(z) = -5*z - 101. Calculate the remainder when q is divided by b(-24).
16
Let o = -2217 + 3102. What is the remainder when o is divided by 67?
14
Let f(g) = -2*g - 1. Let m be f(4). Let h(w) = -w + 1. Let n = 87 - 71. What is the remainder when n is divided by h(m)?
6
Let h be -1 - -4 - (-4)/((-12)/(-381)). Suppose 11*n + 42 = h. Suppose -2 - 46 = -3*b. What is the remainder when b is divided by n?
0
Let y be 12*1*(-8)/24. Calculate the remainder when (246 + -44)*(-2)/y is divided by 22.
13
Let d(m) = 54*m - 936. Calculate the remainder when d(45) is divided by 23.
22
Suppose 7*d = 2*d - 5*l + 95, -3*l - 83 = -4*d. Let q = -4 + 7. Calculate the remainder when ((-45)/7 + q)/(4/(-42)) is divided by d.
16
Let s(a) = 7*a + 160 - 16*a + 5*a + 0*a. What is the remainder when s(13) is divided by 49?
10
Suppose -2333 = -105*x + 5437. Calculate the remainder when 74 is divided by x.
0
Suppose -2*p - 2*p + 992 = 4*f, p - 3*f = 228. Suppose -10*n + p = -277. Let c = 10 + 196. What is the remainder when c is divided by n?
50
Suppose -4*k - 7*q = -8*q - 18, -4 = k + 4*q. Calculate the remainder when 1 + (18 - k) + (-6)/(-2) is divided by 8.
2
Let o(c) be the second derivative of -13/6*c**3 - 11/2*c**2 + 0 - 6*c. Calculate the remainder when o(-5) is divided by 30.
24
Suppose 0 = 73*k - 241*k + 117768. Calculate the remainder when k is divided by 179.
164
Let l = 1246 + -896. Calculate the remainder when l is divided by 13.
12
Suppose 1581 + 96 = -43*j. Let b be (-9)/(-1 - (-20)/18). Let s = j - b. What is the remainder when 167 is divided by s?
41
Let k(l) = l**3 - 41*l**2 + 19*l - 28. Calculate the remainder when k(41) is divided by 29.
26
Let l = -57 + 66. Suppose l*n - 3*n = 96. Calculate the remainder when 79 is divided by n.
15
Suppose -106 = -7*s + 3*k - 8*k, 0 = -3*s - 3*k + 36. Suppose -112 - 36 = -4*l - 4*h, 5*l - h - 209 = 0. What is the remainder when l is divided by s?
18
Let h = 43 + -29. Suppose -r = -36 + 14. What is the remainder when 854/r + (-4)/(-22) is divided by h?
11
Let v(s) = 5*s**2 - 14*s + 15. Let f be v(9). Suppose -2*u + f = 5*y, -y = -u - 55 - 8. Calculate the remainder when 292/6 + 20/y is divided by 25.
24
Let p = 87 + -25. Let a(s) = 2534*s - 37962. What is the remainder when p is divided by a(15)?
14
Suppose -4*a = -4*h + 220, h + 6*a - 37 = a. Let q = 36 - h. Let s = q - -19. Calculate the remainder when 9 is divided by s.
0
Suppose -661 = -4*f + 127. Let g(s) = -9*s - 29. Let o(t) = -10*t - 29. Let c(h) = -3*g(h) + 2*o(h). What is the remainder when f is divided by c(3)?
47
Let l = -7666 - -7718. What is the remainder when 8629 is divided by l?
49
Suppose -25*w + 28228 = 3053. Let m = w - 650. Calculate the remainder when m is divided by 24.
21
Let y(j) = 2 + 9 + 5 - j + 3*j. Let x be y(6). Let w = 48 - x. What is the remainder when w is divided by 12?
8
Suppose 0 = 52*a - 3879 - 749. Calculate the remainder when 363 is divided by a.
7
Suppose 5*d = 2*b + 325, -4*d - b + 263 = -2*b. Calculate the remainder when d is divided by (-150)/(-1150)*207 - 19.
3
Suppose 0 = 89*q + 17*q + 194*q - 30900. Calculate the remainder when 1235 is divided by q.
102
Let u(r) = -66 - 52*r - 40*r + 103*r. Calculate the remainder when u(13) is divided by 20.
17
Let h(d) = 112*d**3 + 6*d**2 - 11*d + 5. Let q be h(2). Let a = -804 + q. Calculate the